-n - 4*h + 5 = -h. Determine d(n).
5
Suppose -2*v = -6*j + 2*j - 36, 2 = -v - 2*j. Let t(c) = c - 17. What is t(v)?
-9
Let q = -1946 + 1951. Let n(u) = -2*u + 3. Determine n(q).
-7
Let y(a) be the third derivative of -1/2*a**3 - 5*a**2 - 1/24*a**4 + 0 + 0*a. Let o be y(-4). Let g(f) = -f**2 - 1. Calculate g(o).
-2
Let v(r) = r**3 + r**2 - r + 1. Let b(a) = 2*a**3 + 3*a**2 + 4*a + 3. Let g(q) = b(q) - 3*v(q). Let o be g(3). Let p(m) = m**2 + 3*m - 3. Calculate p(o).
15
Let s(q) = -2*q**2 - 8*q - 3. Let k = -5 + 13. Let a(d) = d**2 + 12*d + 14. Let z be a(-11). Let l = z - k. What is s(l)?
-13
Let f(m) = -m - 3. Suppose l = 5*w - 4041, 4*w + 3*l = l + 3230. Let y be w/(-72) + (-6)/(-27). Calculate f(y).
8
Let n(h) be the third derivative of -h**4/12 + 5*h**3/6 + h**2 + h. Give n(5).
-5
Let u(o) = 4*o + 4. Suppose 0 = -n + 2*k - 0*k - 7, 2*n + 4 = -k. Give u(n).
-8
Let s(p) be the third derivative of -p**4/12 - 5*p**3/3 + p**2 + 109. Calculate s(-11).
12
Let q(p) = -32*p + 118. Let n be q(4). Let m(s) = s**3 + 9*s**2 - 9*s - 2. What is m(n)?
-12
Let p(z) = -3*z**3 - 5*z**2 - 5*z + 7. Let r(o) = -1 - 2*o**2 + 4*o**2 - 3 + o**3 + 3*o + o**3. Let l(s) = -3*p(s) - 5*r(s). Determine l(3).
17
Let j(s) be the second derivative of 5/12*s**4 + 0 - 2/3*s**3 - 3*s + s**2 - 1/20*s**5. Calculate j(4).
2
Let u(f) be the third derivative of -f**5/60 + f**4/6 + f**3 + f**2 + 75. Calculate u(6).
-6
Let j(w) = 711*w**3 - 1412*w**3 - 5*w - 13 - w**2 + 3*w**2 + 702*w**3. Calculate j(-3).
-7
Let a = -40 + 40. Suppose a*c + 4*c = 3*c. Let f(w) = w**3 + w**2. Give f(c).
0
Let k(z) be the first derivative of z**5/60 + z**4/6 - z**3/3 - 13*z**2/2 - 15. Let y(v) be the second derivative of k(v). Give y(-3).
-5
Suppose -2*y - 3*z - z = 10, z = 5*y + 14. Let w(u) = -5 + 1 - 5 + 8. Let b(x) = -2*x**3 - 2*x**2 + x + 4. Let q(t) = y*w(t) - b(t). Give q(-2).
-7
Let s(l) = -l**2 + 2*l - 2. Let g = -456 + 452. Determine s(g).
-26
Let y(j) = -4. Let n(i) = -i - 7. Let o = -7 - -2. Let r(g) = o*y(g) + 2*n(g). Let v = -7 - -12. Determine r(v).
-4
Let u(p) be the third derivative of -p**4/4 - 12*p**2. Let q be (4/5)/((-4)/(-10)). Suppose 4*h - q = 6*h. What is u(h)?
6
Suppose 10 = 3*w - 2*z, 28*w + 3*z - 4 = 23*w. Let f(k) be the first derivative of k - 7/3*k**3 + 5/2*k**w + 1 + 1/4*k**4. Give f(6).
-5
Let c(k) = 1. Let g(s) = 7*s + 4. Let v be (1 - -2) + (-7 - -1). Let t(h) = v*c(h) + g(h). Suppose -2*m + 3*a + 18 = -a, m + 4*a = -21. Calculate t(m).
-6
Let t(w) be the first derivative of -5*w**4/4 - 3*w**3 - w**2/2 - w + 12. Let b(o) = -6*o**3 - 10*o**2 - o - 1. Let n(h) = -4*b(h) + 5*t(h). Give n(-5).
4
Let x(v) = -4*v + 4 - 4*v + 4*v + 3*v - 2*v. Determine x(5).
-11
Let a(t) = 3*t**2 - 13*t - 2. Let k be a(4). Let d(q) = q**3 + 6*q**2 + 3*q. Determine d(k).
-18
Suppose u + 1 - 2 = 0. Let m be u*2/(-4)*(-2 + 4). Let g(c) = 18*c**2 - c. Calculate g(m).
19
Let g(z) be the third derivative of -1/3*z**3 + 4*z**2 + 0*z + 1/24*z**4 + 0. Determine g(5).
3
Suppose -2*n - 92 = o, -4*n - 126 = o - 44. Let p(a) = 16*a. Let d(b) = -b. Let m(v) = o*d(v) - 6*p(v). Let s = 4 + -3. What is m(s)?
6
Let s(h) = -10 + 121*h - h**3 + 1 - 2*h**2 - 2*h**2 + 0*h**2 - 123*h. Calculate s(-4).
-1
Let l(s) = 4*s + 35. Let h be l(-8). Let n(k) = -k - 3. Let m be n(-8). Let r(w) = 0*w - 4*w + 4 - m + 5*w. Give r(h).
2
Let r = -89 - -34. Let j = r - -52. Let m(t) = -4*t + 1. What is m(j)?
13
Let n(b) = 2*b**3 + 21*b**2 - 23. Let j = 11 - -1. Let y = -18 + j. Let k(z) = -z**3 - 10*z**2 + 11. Let g(w) = y*n(w) - 13*k(w). What is g(-4)?
-5
Suppose -3*k + 6*q + 16 = q, 5*k - 18 = 4*q. Let b = 19 - 18. Let c(s) = -8*s**2 + 5*s**2 + 0 + s**3 - 1 + 3*s - b. Give c(k).
0
Let z(q) be the first derivative of -2*q**2 - 33*q - 736. What is z(-11)?
11
Let j be (712/(-20))/((-6)/15). Suppose j = -7*p - 58. Let g = p + 26. Let m(o) = o + 7. Determine m(g).
12
Let w(l) = -l - 5. Suppose -g + 9 = 3*k - 8, 0 = 3*k - 4*g + 8. Suppose j + 20 = 4*o, k*j = -5*o - 4 + 29. Determine w(j).
-5
Let r(d) = 15*d - 8*d - 9 - 6*d. Let u be 0/(4 + 3/(-1)). Calculate r(u).
-9
Let z be (54/(-144))/((-3)/24). Let w(r) = 3*r - 8. Give w(z).
1
Suppose -29*q + 12 = -31*q. Let x(g) = -9*g**2 - 14*g - 1. Let m(f) = -5*f**2 - 7*f. Let h(z) = q*x(z) + 11*m(z). What is h(8)?
-2
Let u(l) = -29*l**3 + 4*l - 5. Let f(k) = 7*k**3 - k + 1. Let a be ((-18)/1)/(15 + -13). Let y(p) = a*f(p) - 2*u(p). Give y(-1).
5
Let u(i) = i**3 - 6*i**2 - 7*i - 1. Let n be 10 + 4 + (5 - 12). Give u(n).
-1
Let d(c) = 2*c. Let z be (-1)/3 - ((-284)/3)/(-4). Let p be (-27 - z)/(2/2*-1). Determine d(p).
6
Let m = -39 - -49. Let z(i) = -3 - i - m + 17. What is z(5)?
-1
Suppose 0 = -j - 4*b + 32, -4*b = -0*j - 3*j + 48. Suppose 2 = -2*v + w - 2*w, -5*v - j = -5*w. Let l(r) = r**3 - r**2 + 1. Determine l(v).
-11
Let q(y) = y**2 + 1. Let h(m) = -6*m**2 + 10*m - 9. Let s(x) = -h(x) - 5*q(x). Give s(7).
-17
Let d(p) be the third derivative of -4*p**2 + 0*p + 1/12*p**4 + 0 + 1/20*p**5 - 2/3*p**3. Let r(l) = -l**2 + 7*l - 9. Let k be r(6). Determine d(k).
17
Let m(z) = -3*z - 14 - 6*z + 14*z. Let b be m(6). Let x = -9 + b. Let l(f) = 2*f - 10. What is l(x)?
4
Let h(w) = -w**3 - 5*w**2 - 5. Suppose t - 8*g - 5 = 2*t, 2*t = -4*g - 10. Give h(t).
-5
Let g(i) be the second derivative of -2*i**2 + 44*i + 2 - 1/12*i**4 + i**3. Determine g(5).
1
Let n(c) = -71*c - 3 + 70*c - 4 - 8. Give n(8).
-23
Let y(k) be the second derivative of k**5/20 - k**4/3 - k**3/6 - k**2 - 5*k. Let m be -1 - -3*(-1)/(-1). Let w(p) = p**2. Let n be w(m). What is y(n)?
-6
Let u(l) = -l - 6 + 0*l + 0*l. Let i(p) = -p + 7. Let r be i(4). Suppose 4*q - r + 23 = 0. Calculate u(q).
-1
Let f(b) = 2*b. Let z(g) = -g**2 + 15*g - 2. Let p(u) = -u**2 - 11*u - 11. Let w be p(-8). Let l be z(w). Suppose 20*s = l*s + 16. Determine f(s).
-8
Let y(t) = t**2 + 2*t + 5. Let i(z) = -z**2 - z - 1. Let k(l) = 2*i(l) + y(l). Give k(0).
3
Let g(x) = 5*x**2 + x. Let r be (-172)/(-28) + (-3)/21. Let k be (2 + -1)/(r/78). Suppose -5*q = 2*i - k, 0*q - q = -3. Determine g(i).
4
Suppose -40 = -2*u + 12. Let o(c) = -u + c**2 + 10 + 15 + 6*c. What is o(-6)?
-1
Suppose -f - 111 = -2*l - 4*f, 164 = 3*l + 5*f. Let t(v) = 123*v - l*v - 62*v - 2 + 2*v**2. Calculate t(3).
10
Let b(x) = -x**3 - 8*x**2 - 4*x - 5. Let i be (-12)/(-8)*2*(1 + 0). Suppose d = -i - 4. What is b(d)?
-26
Let u(b) = -11*b**3 - 7*b**2 - 7*b - 10. Let n(k) = 51*k**3 + 35*k**2 + 35*k + 49. Let x(v) = -3*n(v) - 14*u(v). Determine x(8).
1
Let q = 13 + 3. Let n = 8 + q. Suppose -3*x - n = x. Let t(v) = v**3 + 6*v**2 - 2*v - 6. Calculate t(x).
6
Let d(a) = -a**3 - 1. Let t(v) = 3*v + 20 + 4*v**2 - 15 + 4*v**3 - 7*v**3. Let y(u) = 2*d(u) - t(u). Determine y(5).
3
Suppose -2*o = -4*h - 16, o + 5*h + 0*h + 27 = 0. Let q be (3 - (-7)/(-3))*(-3)/o. Let l(x) = 1 - 3*x - 7*x + 2*x. Calculate l(q).
-7
Let z(h) be the third derivative of -h**5/20 - 5*h**4/24 - h**3/6 + 25*h**2 - 3*h. Calculate z(-2).
-3
Let k(p) = 5*p + p**3 + 0*p + 6*p**2 + 0*p + 4. Let w(d) = -d**3 + 8*d**2 - 13*d + 1. Let v = 74 + -68. Let x be w(v). Calculate k(x).
4
Let d(l) = 10*l**2 + 2*l - 2. Suppose 4 = -2*u - 2*w, u + 8 = 5*w + 6. Give d(u).
34
Let g(q) = q**3 + 2*q**2 - 7*q - 11. Let z be g(-2). Let l(d) be the second derivative of 0 + z*d - 3*d**2 - 1/2*d**3. What is l(-4)?
6
Let p(d) = 2*d**2 + 4*d - 6. Let m(j) = -3*j**2 - 3*j + 7. Let n(f) = -3*m(f) - 4*p(f). Let h(q) = q**2 - 39*q + 201. Let u be h(33). Give n(u).
-9
Suppose 2 = -13*j + 15*j. Suppose -4*f + 4*o + 44 = 0, -2*f - 4*o - j = 7. Let i(k) be the second derivative of k**3/6 - 5*k**2 + 3*k. Give i(f).
-4
Let l(o) be the first derivative of -o**2/2 + 4*o - 1. Let q be l(0). Suppose q*r = 3*j + 2 - 9, -r + 22 = 4*j. Let h(y) = y**3 - 2*y**2. What is h(r)?
0
Suppose 7*t - 32 = 45. Let b be (11 - t)/(1/1). Let f(k) = k**3 + 5. Give f(b).
5
Let b(j) be the second derivative of -j**4/12 + 19*j**2/2 - 210*j. Calculate b(0).
19
Let t(n) = 50*n - 18. Let y(c) = 3*c - 1. Let s(u) = 4*t(u) - 72*y(u). Give s(1).
-16
Let s(u) be the first derivative of -u**3/3 - 3*u**2 - 11*u - 169. Give s(-5).
-6
Let m(n) = 6*n**2 + 6*n - 1. Let q(b) = -b**3 + 11*b**2 + 11*b - 2. Let g(o) = -11*m(o) + 6*q(o). Let a = 4 - 3. Calculate g(a).
-7
Let o(u) = u + 3. Let l = 13 - 21. 